ivisor of 43 and l?
43
Suppose 3*m + m = 76. Suppose 0 = -3*x + d + m, x - 4*d + d + 7 = 0. What is the highest common divisor of x and 12?
4
Suppose 2*y = 3*y + 13. Let m = y - -19. Calculate the highest common divisor of 12 and m.
6
Let x(k) = -k**3 + k**2 + 22. Let o be x(0). Calculate the greatest common divisor of 198 and o.
22
Let j be 987/35 - 2/10. What is the highest common divisor of 4 and j?
4
Let l(r) = -r**3 - 5*r**2 - r. Let p be l(-5). Suppose p*i = 33 - 8. What is the greatest common divisor of i and 20?
5
Suppose s = 3*s - 6. Suppose -s*x + 66 = 2*x - j, -5*x + 61 = 4*j. Suppose 6 + 33 = y. Calculate the highest common factor of y and x.
13
Let l = -5 + 1. Let t(h) = h**3 + 4*h**2 - 2*h + 3. Let o be t(l). What is the greatest common divisor of 22 and o?
11
Suppose -4*a + 5*z + 27 = 0, 2*z - 6*z + 4 = 0. Let w be 2 - (-172)/(4 - 2). What is the highest common factor of a and w?
8
Let y(f) = 7*f**2 - 1. Let z be y(1). Suppose -z*m + 2*m = -60. Let s be (-2)/9 + 1894/18. What is the greatest common divisor of m and s?
15
Let o(i) = 5*i**3 + i**2 - 7*i - 4. Let t be o(3). Calculate the highest common divisor of 7 and t.
7
Let t be ((-144)/15)/(1/(-5)). What is the highest common divisor of t and 36?
12
Suppose -4*u - y - 10 = u, 0 = 4*y. Let d = -1 - u. What is the greatest common divisor of 3 and d?
1
Suppose -2*d - 5*h - 6 = -4*h, -5*d - 14 = 3*h. Let j be 3/(d - -5) + 3. What is the greatest common divisor of 12 and j?
6
Suppose -2*g + 4*f + 124 = -0*g, -3*g + 231 = 3*f. What is the greatest common divisor of g and 48?
24
Let l be ((-186)/(-4))/(45/30). What is the highest common divisor of l and 124?
31
Let h(d) = -11*d - 6. Suppose -n = -4 - 0. Let k(p) = -12*p - 6. Let u(x) = n*k(x) - 3*h(x). Let o be u(-6). What is the highest common factor of o and 12?
12
Let v = -5 + 8. Suppose -2*b = -3*s - 28, -2*s + 2 = -v*b + 24. Let o(a) = a**2 + 2*a - 6. Let p be o(s). Calculate the highest common factor of p and 63.
21
Let q be ((-6)/(-1))/(2/42). Suppose 4*z - 6 = 50. What is the greatest common factor of q and z?
14
Let c be -4 - 2/((-4)/(-2)). Let v be (c - -6)*(-4 + 1). Let s = v - -33. Calculate the greatest common factor of s and 10.
10
Suppose -2*p - 34 = -98. Let v = -23 + p. Suppose 2*g + 0*g - 162 = 0. What is the greatest common factor of v and g?
9
Let u be 1/((-3)/(-2) - 1). Suppose k = -u + 7. Calculate the greatest common factor of k and 20.
5
Let n be 0 + 2 + (-2 - -5). Suppose n*u = u - 3*b + 191, 3*u + 3*b = 141. What is the greatest common factor of u and 10?
10
Suppose 59 + 161 = 4*u. Let a = -11 + 6. Let m = 6 - a. What is the highest common factor of u and m?
11
Suppose 3*t + 4*u - 61 = 0, 4*t + 6 = -3*u + 78. Let a(r) = -r**3 - 6*r**2 - r + 4. Let i be a(-7). Calculate the highest common factor of i and t.
15
Let y = 9 - 5. Let d(s) = -2*s. Let j be d(y). Let b(l) = -l**3 - 6*l**2 + 8*l - 4. Let n be b(j). Calculate the highest common divisor of 40 and n.
20
Suppose -7*r = 136 - 430. What is the greatest common divisor of 56 and r?
14
Let k(u) = 88*u**2 - 2*u + 1. Let s be k(1). Let j = s - 42. Let q be 17 - (-1 + 0/(-1)). Calculate the highest common divisor of j and q.
9
Suppose 2*m + 2*m = -2*i + 524, -4*m - 5*i + 512 = 0. What is the highest common divisor of 19 and m?
19
Let l be (-2)/5 + 1746/90. What is the greatest common factor of 171 and l?
19
Let l = -68 + 145. What is the greatest common factor of l and 14?
7
Let v = 1 + 0. Let g = -9 + 22. Let t = g + -8. What is the highest common divisor of t and v?
1
Let c(s) = -2*s**2 + 20*s + 7. Let r be c(9). What is the highest common divisor of 10 and r?
5
Suppose 0*r - 12 = -4*r, -4*s = -3*r - 119. What is the highest common factor of 352 and s?
32
Suppose 4*m = -0*m + 72. Let z be 192/m - 2/3. What is the highest common divisor of z and 40?
10
Suppose -9 = 5*j - 134. What is the highest common factor of j and 10?
5
Let t be -1*(-204)/18*(-6)/(-4). What is the highest common factor of 187 and t?
17
Suppose b - 4*p = 77 + 55, -b = p - 107. Let w be 110/4 - 2/(-4). Let v = -14 + w. Calculate the highest common factor of v and b.
14
Let c = -59 - -112. Suppose -4*v - 16 = -5*v + 2*z, -3*v = -z - c. Calculate the highest common factor of v and 6.
6
Suppose w + 149 - 439 = -3*n, 0 = 2*n - 10. Calculate the highest common divisor of w and 25.
25
Let d(n) = -n - 1. Let r(w) = -w**2 - 6*w + 8. Let c be r(-8). Let j be d(c). Suppose 8*o - 5*o = 84. Calculate the highest common factor of o and j.
7
Let t = -12 + 18. Let p be (-2)/(-6) - 4/(-6). Let z be 1 - (p - 10*t). Calculate the highest common divisor of z and 15.
15
Let v = 139 - 40. Let j(g) = -g. Let y be j(9). Let o = 20 + y. What is the highest common factor of o and v?
11
Let j(r) = 2*r - 2. Let c be j(-4). Let u be (-314)/c - (-6)/(-15). Suppose 5*v = 29 + u. Calculate the greatest common divisor of v and 48.
12
Let b = 10 + -9. Let q(i) be the first derivative of -i**4/2 - 4*i**3/3 - 3*i**2/2 - i + 1. Let a be q(-2). Calculate the greatest common factor of b and a.
1
Suppose -3*n + n + 20 = 0. Calculate the greatest common divisor of 90 and n.
10
Suppose 3*s + 12 = 5*s. Suppose -p + s = -14. Let n be (-2)/(-2) - 147/(-3). Calculate the highest common divisor of p and n.
10
Suppose -5*s + 4*s + 4*o - 7 = 0, 4*s - o - 2 = 0. Let z be 1*(s + -2) - -3. What is the highest common factor of z and 6?
2
Suppose 11*w - 945 = 6*w. What is the greatest common factor of 21 and w?
21
Suppose -3*p = 0, 2*s - 3*p = -p + 72. What is the greatest common factor of s and 4?
4
Let i = -14 + 24. Suppose 4*q - i = -z + 4, 4*q - 18 = -3*z. Let w(j) = j**2 - 2*j + 1. Let k be w(2). Calculate the highest common divisor of k and q.
1
Let o = -29 + 53. Let m be (6/9)/((-51)/54 + 1). Calculate the greatest common factor of o and m.
12
Suppose -9 = -3*n, -2*n + 434 = 4*b - 4*n. Calculate the greatest common divisor of b and 11.
11
Let x be (3 + -6 - -7) + -2. Suppose -b + 4 = 4*q, -18 = q + x*b + 3*b. Calculate the greatest common factor of q and 2.
2
Suppose q + 5*o = -2*q - 4, o = 1. Let t be -2 + q + 2 + 157. What is the greatest common factor of t and 14?
14
Suppose 1202 = -2*o - 436. Let k be o/(-15) + (-4)/(-10). Let j(f) = f**3 - f**2 + f + 1. Let a be j(3). What is the highest common factor of a and k?
11
Let i = -9 + -18. Suppose 5*y - 2*q - 2*q = -39, -3*q = -3*y - 24. Let x = y - i. Calculate the highest common factor of 50 and x.
10
Suppose 0 = -6*a + 1374 + 888. Calculate the greatest common factor of 13 and a.
13
Suppose -3*z + z = 12. Let r = 10 + z. Calculate the highest common factor of r and 28.
4
Suppose -13*t - 22 = -100. What is the greatest common divisor of 48 and t?
6
Let c(q) = q**3 + 8*q**2 + 4*q + 6. Let p be c(-6). Let o be 2/(-4)*1*-12. What is the greatest common factor of p and o?
6
Let q(w) = w**3 - 7*w**2 - 8*w. Let i be q(10). Let t = 12 - -8. Calculate the highest common divisor of t and i.
20
Suppose -1 = 3*w - 4. Let a be 26/((3 - w)*1). Calculate the highest common factor of 13 and a.
13
Let h be (5/(-2))/((-4)/8). What is the highest common factor of 25 and h?
5
Let p = 4 + -2. Let r(v) = -1 + 3 + 0*v**2 + 0*v + p*v**2 - 7*v. Let f be r(5). Calculate the greatest common factor of 119 and f.
17
Let j(f) = -f**3 + 4*f**2 + 16*f - 9. Let l be j(6). Suppose 0 = -3*u - 0*u + 18. Let h = u + 4. Calculate the greatest common factor of h and l.
5
Suppose 3*x - 3 = 0, -2*t = -6*t - 5*x + 365. Calculate the highest common factor of t and 10.
10
Suppose -2*y - 4*r = -38, 3*y - 2*r - 15 = 2*y. What is the highest common divisor of 34 and y?
17
Let q(t) = t**3 - t**2 + 3*t - 12. Let y be q(4). What is the highest common divisor of 120 and y?
24
Suppose -5 = -a + 3. Suppose 3*c + 3*p + 18 = 6*c, c - 10 = 2*p. Suppose k - 48 = -c*k. What is the greatest common divisor of k and a?
8
Let p = -8 - -11. Suppose 2*r = w - 58, 4*w - 64 = p*r - r. Let v be 676/14 - (-8)/r. What is the greatest common factor of v and 6?
6
Let v(m) = -m**2 - 8*m + 3. Let s(p) = p**2 + 7*p + 9. Let f be s(-6). Suppose -2 = f*w + 13. Let q be v(w). What is the greatest common factor of q and 144?
18
Let v = 50 + 62. What is the highest common divisor of v and 14?
14
Let u be -3*(6/(-2) + -2). Suppose -3*f - t = 76, 0 = -5*f - 5*